119 - g. What are the prime factors of f?
2, 13
Suppose 0 = -4*d - 3*h - 78 - 22, 2*d = -5*h - 36. Let s be 4/14 - 48/d. Suppose s*y = 7*y - 330. List the prime factors of y.
2, 3, 11
Let g = -8770 + 14663. What are the prime factors of g?
71, 83
Suppose 3*x - 22619 = -z, -2*x + 5*z = -7142 - 7926. List the prime factors of x.
3, 7, 359
Let q(s) = 3915*s**2 - 66*s - 64. What are the prime factors of q(-1)?
3917
Let s(r) = 96*r**2 + 9*r + 8. Let t be s(-5). Suppose 8*x - 643 = -t. Let m = 351 + x. What are the prime factors of m?
2, 17
List the prime factors of 128/4672 - (-863880)/73.
2, 61, 97
Suppose 14*y - 52 = 16*y. Let a = -116 - y. What are the prime factors of ((-1)/3)/(2/a)?
3, 5
Let r = -40026 - -85905. What are the prime factors of r?
3, 41, 373
Let f(b) = 606*b**2 + 118*b - 1136. What are the prime factors of f(9)?
2, 12253
Suppose 5*x = -4*f + 284928, 16*f - 15*f = -15*x + 71177. What are the prime factors of f?
71237
Suppose 2*l - 1 = -4*k + 3, 0 = 5*l - 2*k + 14. Let p be 2 + 0/l - (-36 + 28). Suppose -p = 2*j, -4*q + j + 101 - 4 = 0. List the prime factors of q.
23
Suppose -2*n - 4*m = -3784, -5*n + 9525 = 109*m - 112*m. List the prime factors of n.
2, 3, 317
List the prime factors of 36012/10 - (-9 - -16)/35.
13, 277
Suppose 18494 = 2*z - 53801 - 6181. What are the prime factors of z?
2, 23, 853
Let u(f) = f**3 - 85*f**2 + 952*f - 152. List the prime factors of u(79).
2, 5, 3761
Let g(l) = -5*l - 48. Let c be g(-20). Let h = -27 + c. Suppose -85 = -2*r - 4*d + 185, 0 = 5*d + h. What are the prime factors of r?
5, 29
Let o(z) = z**3 - 10*z. Let v(b) = 4*b - 35. Let c be v(8). Let j be o(c). Suppose j*a - 192 = a. List the prime factors of a.
2, 3
Suppose -a = 4*a - 2*u + 459, -3*u + 363 = -4*a. Let g = a - -108. List the prime factors of -297*(3 + (-55)/g).
2, 3, 11
Let j be (34/4)/((-21)/42). Let w = 19 + j. Suppose -5*l = w - 27. What are the prime factors of l?
5
Let w = 21098 + -1389. What are the prime factors of w?
19709
Let w = -396 + 406. Suppose 5*g = -w, -3*x - 125*g + 4243 = -127*g. List the prime factors of x.
3, 157
Let n(c) = -13*c + 36. Let b(u) = -9*u + 24. Let g(d) = 8*b(d) - 5*n(d). Let j(m) = m**3 - 7*m**2 - 2*m + 1. Let s be j(7). List the prime factors of g(s).
103
Suppose i = 2*h + 25419 + 28254, 18*h = 3*i - 161031. What are the prime factors of i?
191, 281
Let a be (((-12054)/(-9))/7)/(2/(-9)). Let c = -104 - a. List the prime factors of c.
757
Let s = -20237 + 28660. List the prime factors of s.
8423
Suppose 2502 = 11*p - 10*p + l, -4*l = -16. Suppose 17*z - 21*z + 2492 = 2*r, -p = -4*z + r. List the prime factors of z.
2, 3, 13
Suppose -4*u - 5*k = -4292, -4*k = 3*u - 8*k - 3188. Suppose u + 48 = 6*v. What are the prime factors of v?
2, 3, 31
List the prime factors of (-12 - -13)*(-6 - (-12036)/2).
2, 3, 167
Suppose -5*a = 105 - 120. Suppose -t - a*h + 9 = 2*t, 2*t - 4 = -3*h. Suppose 4*p + c + 3*c = 568, 4*p - 566 = -t*c. What are the prime factors of p?
2, 3
Suppose 0 = 21*s - 26*s - 55. Let f be (1 - 2)/1*(s + 22). Let q(l) = -l**3 - 9*l**2 + 5*l - 1. What are the prime factors of q(f)?
2, 3, 31
Let v(z) = -16*z**2 - 16*z - 2 + 40*z**2 - 25*z**2. List the prime factors of v(-14).
2, 13
Let y = 28 + -26. Suppose b + 3*b + 14 = 2*v, 2*b - y*v + 10 = 0. List the prime factors of -3 - (-2)/(b/(-21)).
2, 3
Suppose -14*t + 12*t - 10 = 0. Let p(j) = -4*j**3 - 7*j**2 - 3*j - 8. Let n be p(t). Suppose -n + 4 = -4*d. What are the prime factors of d?
2, 41
Let n(k) = 212*k + 474. What are the prime factors of n(38)?
2, 5, 853
Let s(v) = -2*v**3 + 6*v**2 - 185*v + 26. List the prime factors of s(-24).
2, 5, 3557
Let j(l) be the first derivative of 21*l**2/2 + 176*l + 145. What are the prime factors of j(-8)?
2
List the prime factors of 67347/(-36)*-12 + (-9)/1.
2, 3, 5, 11, 17
Let w(x) = -131*x - 145. Let g be w(7). Let y = -637 - g. What are the prime factors of y?
5, 17
Let n(c) = 154*c + 2939. What are the prime factors of n(-4)?
23, 101
Suppose 0 = 10*v - 6*v + 996. Let m = v + 437. List the prime factors of m.
2, 47
Let a(m) = -124*m + 1046. List the prime factors of a(-10).
2, 3, 127
Let w = 7436 - 2214. List the prime factors of w.
2, 7, 373
Let b(y) be the third derivative of y**5/30 - 5*y**4/24 + 3*y**3/2 - 2*y**2 + 82*y. What are the prime factors of b(10)?
3, 53
Suppose 5*c = -1 - 29, -5*m + 81880 = -5*c. What are the prime factors of m?
2, 5, 1637
Suppose 11 = -4*s - 117. Let b be (10/((-120)/(-279)))/((-2)/s). Suppose j - 157 - 128 = -4*u, -5*u + b = -4*j. What are the prime factors of u?
2, 3
Let s = -3995 + 4184. List the prime factors of s.
3, 7
Let z be 2 - (-6)/4 - 10/20. Suppose -4*u - h = -605, z*u = -4*h - 30 + 487. What are the prime factors of u?
151
Let m(g) = -4*g + 29. Let u be m(4). Suppose 4*t - 3*y + y - 14 = 0, -y = 3*t - u. List the prime factors of 15*(-9*t)/((-5)/1).
2, 3
Let y(s) = 796*s**2 - 10*s + 12. Suppose -g - 5 = -5*w, -8 = -2*w - g - 6. What are the prime factors of y(w)?
2, 3, 7, 19
Suppose 2*a - 14 + 28 = 0. Let o(p) = 12*p**2 - 3*p - 43. What are the prime factors of o(a)?
2, 283
Suppose 5*u - 14*u - 7200 = 0. Let p = 1598 + u. What are the prime factors of p?
2, 3, 7, 19
Suppose 162 = 5*x + 112. Let y(u) = 101*u + 50. What are the prime factors of y(x)?
2, 5, 53
Suppose 63*t + 16*t = -83*t + 7597152. List the prime factors of t.
2, 3, 977
Suppose -5*x - 4*m + 356 = 0, 5*x - 225 - 135 = -5*m. Let q(g) = -2*g - 5. Let j be q(-10). Let r = x - j. What are the prime factors of r?
53
Let r(x) = 4*x**2 + x - 1. Let j be r(-1). Suppose 2958 = j*p + 4*y, 0*p + 2962 = 2*p + 5*y. List the prime factors of p.
1471
Suppose -3*c = -2*j - 22045, 5*c - 8*c + 22010 = 5*j. List the prime factors of c.
5, 13, 113
Let a(i) = i**2 - 14*i + 3. Let b be a(14). Let s be ((-117)/5 - 2/(-5))*b. Let h = s + 129. What are the prime factors of h?
2, 3, 5
Let k = 32106 + -19875. List the prime factors of k.
3, 151
Let z = -19 - -73. List the prime factors of (-71*2/3)/(z/(-81)).
71
Let a = 207 + -442. Let o = -1313 - -874. Let i = a - o. List the prime factors of i.
2, 3, 17
Let f(t) = -t**3 + 2*t**2 + 3*t + 846. Let x(w) = w**2 + 19*w + 84. Let u be x(-7). List the prime factors of f(u).
2, 3, 47
Let q be 170/(3/(-6)*(-3)/(-6)). Let n = q - -1006. What are the prime factors of n?
2, 163
Let y(q) = -15*q - 18. Let z(f) = 8*f + 9. Let s(w) = 3*y(w) + 5*z(w). Let i be s(-3). Let o(u) = 3*u**2 + u - 25. What are the prime factors of o(i)?
89
Let z(c) be the second derivative of 47*c**4/4 + 22*c**3/3 - 61*c**2 + 56*c + 1. What are the prime factors of z(3)?
1279
Suppose 0 = 2*k + 2*a - 57026, -4*a - 511 + 495 = 0. List the prime factors of k.
28517
Suppose 3*n = r - 427, 2*r + 10*n - 6*n - 904 = 0. Suppose -k - r = -2*i, -4*i + 888 = -0*i - 3*k. List the prime factors of i.
3, 73
Let y be (9/((-9)/202))/((-4)/18). List the prime factors of (-2)/(-3) - y/27*-8.
2, 3, 5
Suppose -4 = 7*s - 8*s. Suppose -50 + 2 = s*i. Let k = i - -38. What are the prime factors of k?
2, 13
Let j = 40268 + -13827. What are the prime factors of j?
137, 193
List the prime factors of ((-422)/92 + (-16)/(-184))*-2010.
3, 5, 67
Suppose 66*t - 1635 = 71*t. Let m = 68 - t. List the prime factors of m.
5, 79
Let i be (-3778)/(-6) + 5/15. Suppose -3*j = 3*j - i. Suppose -3*d + 3*c = -j, 0*c + 3*c + 68 = 2*d. List the prime factors of d.
37
Let b(h) = h**3 - 33*h**2 - 37*h + 104. Let r be b(34). Let x(m) = -7*m - 2. Let s be x(-2). Suppose s = q - r. What are the prime factors of q?
2, 7
Let v = -584 - -4155. List the prime factors of v.
3571
Suppose 40 = 86*n - 91*n, 299348 = 4*g - n. List the prime factors of g.
3, 5, 1663
Suppose -52254 = 5*k - 3*x - 139491, -x + 87221 = 5*k. List the prime factors of k.
3, 5, 1163
Suppose 0 = -105*k + 211037 + 172528. What are the prime factors of k?
13, 281
Let r(o) = -13*o + 50. Suppose 10*a - 7*a - 15 = 0. Suppose 0*q + 5*q + 10 = -a*z, 4*q + z + 23 = 0. What are the prime factors of r(q)?
3, 47
Let o(z) = -468*z + 2031. List the prime factors of o(-49).
3, 53, 157
Let l(c) = 57*c - 83. Let v be l(10). Let o = v + -60. What are the prime factors of o?
7, 61
Let l(b) = b**3 + 20*b**2 + 18*b + 6. Let f be l(-20). Let g = -584 - f. Let c = 325 + g. List the prime factors of c.
5, 19
Let q